{"id":45,"date":"2023-04-21T18:44:36","date_gmt":"2023-04-21T18:44:36","guid":{"rendered":"https:\/\/raiconsgroup.mx\/?page_id=45"},"modified":"2023-07-14T16:54:23","modified_gmt":"2023-07-14T16:54:23","slug":"nuestros-servicios-2","status":"publish","type":"page","link":"https:\/\/raiconsgroup.mx\/?page_id=45","title":{"rendered":"Nuestros Servicios"},"content":{"rendered":"\t\t<div data-elementor-type=\"wp-page\" data-elementor-id=\"45\" class=\"elementor elementor-45\">\n\t\t\t\t\t\t\t\t\t<section class=\"elementor-section elementor-top-section elementor-element elementor-element-ae019d6 elementor-section-boxed elementor-section-height-default elementor-section-height-default\" data-id=\"ae019d6\" data-element_type=\"section\">\n\t\t\t\t\t\t<div class=\"elementor-container elementor-column-gap-default\">\n\t\t\t\t\t<div class=\"elementor-column elementor-col-100 elementor-top-column elementor-element elementor-element-53983ac\" data-id=\"53983ac\" data-element_type=\"column\">\n\t\t\t<div class=\"elementor-widget-wrap elementor-element-populated\">\n\t\t\t\t\t\t\t\t<div class=\"elementor-element elementor-element-5960617a elementor-widget elementor-widget-heading\" data-id=\"5960617a\" data-element_type=\"widget\" data-widget_type=\"heading.default\">\n\t\t\t\t<div class=\"elementor-widget-container\">\n\t\t\t<style>\/*! elementor - v3.14.0 - 26-06-2023 *\/\n.elementor-heading-title{padding:0;margin:0;line-height:1}.elementor-widget-heading .elementor-heading-title[class*=elementor-size-]>a{color:inherit;font-size:inherit;line-height:inherit}.elementor-widget-heading .elementor-heading-title.elementor-size-small{font-size:15px}.elementor-widget-heading .elementor-heading-title.elementor-size-medium{font-size:19px}.elementor-widget-heading .elementor-heading-title.elementor-size-large{font-size:29px}.elementor-widget-heading .elementor-heading-title.elementor-size-xl{font-size:39px}.elementor-widget-heading .elementor-heading-title.elementor-size-xxl{font-size:59px}<\/style><h4 class=\"elementor-heading-title elementor-size-default\">Aislamiento de Tuberia<\/h4>\t\t<\/div>\n\t\t\t\t<\/div>\n\t\t\t\t\t<\/div>\n\t\t<\/div>\n\t\t\t\t\t\t\t<\/div>\n\t\t<\/section>\n\t\t\t\t<section class=\"elementor-section elementor-top-section elementor-element elementor-element-56373211 elementor-section-content-middle elementor-section-boxed elementor-section-height-default elementor-section-height-default\" data-id=\"56373211\" data-element_type=\"section\">\n\t\t\t\t\t\t<div class=\"elementor-container elementor-column-gap-narrow\">\n\t\t\t\t\t<div class=\"elementor-column elementor-col-50 elementor-top-column elementor-element elementor-element-6a11536c\" data-id=\"6a11536c\" data-element_type=\"column\">\n\t\t\t<div class=\"elementor-widget-wrap elementor-element-populated\">\n\t\t\t\t\t\t\t\t<div class=\"elementor-element elementor-element-14b62081 elementor-widget elementor-widget-image\" data-id=\"14b62081\" data-element_type=\"widget\" data-widget_type=\"image.default\">\n\t\t\t\t<div class=\"elementor-widget-container\">\n\t\t\t<style>\/*! elementor - v3.14.0 - 26-06-2023 *\/\n.elementor-widget-image{text-align:center}.elementor-widget-image a{display:inline-block}.elementor-widget-image a img[src$=\".svg\"]{width:48px}.elementor-widget-image img{vertical-align:middle;display:inline-block}<\/style>\t\t\t\t\t\t\t\t\t\t\t\t<img loading=\"lazy\" decoding=\"async\" width=\"2048\" height=\"1536\" src=\"https:\/\/raiconsgroup.mx\/wp-content\/uploads\/2023\/07\/Diseno-sin-titulo-19.png\" class=\"attachment-full size-full wp-image-283\" alt=\"\" srcset=\"https:\/\/raiconsgroup.mx\/wp-content\/uploads\/2023\/07\/Diseno-sin-titulo-19.png 2048w, https:\/\/raiconsgroup.mx\/wp-content\/uploads\/2023\/07\/Diseno-sin-titulo-19-300x225.png 300w, https:\/\/raiconsgroup.mx\/wp-content\/uploads\/2023\/07\/Diseno-sin-titulo-19-1024x768.png 1024w, https:\/\/raiconsgroup.mx\/wp-content\/uploads\/2023\/07\/Diseno-sin-titulo-19-768x576.png 768w, https:\/\/raiconsgroup.mx\/wp-content\/uploads\/2023\/07\/Diseno-sin-titulo-19-1536x1152.png 1536w\" sizes=\"(max-width: 2048px) 100vw, 2048px\" \/>\t\t\t\t\t\t\t\t\t\t\t\t\t\t\t<\/div>\n\t\t\t\t<\/div>\n\t\t\t\t\t<\/div>\n\t\t<\/div>\n\t\t\t\t<div class=\"elementor-column elementor-col-50 elementor-top-column elementor-element elementor-element-73913c25\" data-id=\"73913c25\" data-element_type=\"column\">\n\t\t\t<div class=\"elementor-widget-wrap elementor-element-populated\">\n\t\t\t\t\t\t\t\t<div class=\"elementor-element elementor-element-1338735f elementor-widget elementor-widget-text-editor\" data-id=\"1338735f\" data-element_type=\"widget\" data-widget_type=\"text-editor.default\">\n\t\t\t\t<div class=\"elementor-widget-container\">\n\t\t\t<style>\/*! elementor - v3.14.0 - 26-06-2023 *\/\n.elementor-widget-text-editor.elementor-drop-cap-view-stacked .elementor-drop-cap{background-color:#69727d;color:#fff}.elementor-widget-text-editor.elementor-drop-cap-view-framed .elementor-drop-cap{color:#69727d;border:3px solid;background-color:transparent}.elementor-widget-text-editor:not(.elementor-drop-cap-view-default) .elementor-drop-cap{margin-top:8px}.elementor-widget-text-editor:not(.elementor-drop-cap-view-default) .elementor-drop-cap-letter{width:1em;height:1em}.elementor-widget-text-editor .elementor-drop-cap{float:left;text-align:center;line-height:1;font-size:50px}.elementor-widget-text-editor .elementor-drop-cap-letter{display:inline-block}<\/style>\t\t\t\t<p>\u00bfEst\u00e1s buscando un aislamiento de tuber\u00edas industrial de calidad para optimizar tu empresa? \u00a1No busques m\u00e1s! En Servicios Indistriales Raicons, somos l\u00edderes en soluciones de aislamiento de tuber\u00edas industriales que te brindar\u00e1n numerosos beneficios.<\/p>\n<p>Nuestro servicio de aislamiento de tuber\u00edas industriales est\u00e1 dise\u00f1ado para mejorar la eficiencia energ\u00e9tica de tus instalaciones y garantizar la seguridad de tu personal.&nbsp;<\/p>\n<p>Haz clic en nuestro bot\u00f3n de \u00abClick Aqui\u00bb para obtener m\u00e1s informaci\u00f3n sobre nuestros servicios, proyectos anteriores y c\u00f3mo podemos ayudarte a alcanzar tus objetivos industriales con excelencia y profesionalismo.<\/p>\t\t\t\t\t\t<\/div>\n\t\t\t\t<\/div>\n\t\t\t\t<div class=\"elementor-element elementor-element-6c3113c elementor-align-center elementor-widget elementor-widget-button\" data-id=\"6c3113c\" data-element_type=\"widget\" data-widget_type=\"button.default\">\n\t\t\t\t<div class=\"elementor-widget-container\">\n\t\t\t\t\t<div class=\"elementor-button-wrapper\">\n\t\t\t<a class=\"elementor-button elementor-button-link elementor-size-sm\" href=\"https:\/\/raiconsgroup.mx\/?page_id=289\">\n\t\t\t\t\t\t<span class=\"elementor-button-content-wrapper\">\n\t\t\t\t\t\t<span class=\"elementor-button-text\">Click Aqui <\/span>\n\t\t<\/span>\n\t\t\t\t\t<\/a>\n\t\t<\/div>\n\t\t\t\t<\/div>\n\t\t\t\t<\/div>\n\t\t\t\t\t<\/div>\n\t\t<\/div>\n\t\t\t\t\t\t\t<\/div>\n\t\t<\/section>\n\t\t\t\t<section class=\"elementor-section elementor-top-section elementor-element elementor-element-ce4a433 elementor-section-boxed elementor-section-height-default elementor-section-height-default\" data-id=\"ce4a433\" data-element_type=\"section\">\n\t\t\t\t\t\t<div class=\"elementor-container elementor-column-gap-default\">\n\t\t\t\t\t<div class=\"elementor-column elementor-col-100 elementor-top-column elementor-element elementor-element-16ce50c\" data-id=\"16ce50c\" data-element_type=\"column\">\n\t\t\t<div class=\"elementor-widget-wrap elementor-element-populated\">\n\t\t\t\t\t\t\t\t<div class=\"elementor-element elementor-element-e5fcf67 elementor-widget elementor-widget-heading\" data-id=\"e5fcf67\" data-element_type=\"widget\" data-widget_type=\"heading.default\">\n\t\t\t\t<div class=\"elementor-widget-container\">\n\t\t\t<h4 class=\"elementor-heading-title elementor-size-default\">Estructura<\/h4>\t\t<\/div>\n\t\t\t\t<\/div>\n\t\t\t\t\t<\/div>\n\t\t<\/div>\n\t\t\t\t\t\t\t<\/div>\n\t\t<\/section>\n\t\t\t\t<section class=\"elementor-section elementor-top-section elementor-element elementor-element-919893b elementor-section-content-middle elementor-section-boxed elementor-section-height-default elementor-section-height-default\" data-id=\"919893b\" data-element_type=\"section\">\n\t\t\t\t\t\t<div class=\"elementor-container elementor-column-gap-narrow\">\n\t\t\t\t\t<div class=\"elementor-column elementor-col-50 elementor-top-column elementor-element elementor-element-caef947\" data-id=\"caef947\" data-element_type=\"column\">\n\t\t\t<div class=\"elementor-widget-wrap elementor-element-populated\">\n\t\t\t\t\t\t\t\t<div class=\"elementor-element elementor-element-66353a7 elementor-widget elementor-widget-image\" data-id=\"66353a7\" data-element_type=\"widget\" data-widget_type=\"image.default\">\n\t\t\t\t<div class=\"elementor-widget-container\">\n\t\t\t\t\t\t\t\t\t\t\t\t\t\t\t<img loading=\"lazy\" decoding=\"async\" width=\"2560\" height=\"1920\" src=\"https:\/\/raiconsgroup.mx\/wp-content\/uploads\/2023\/07\/izaje-desmantelamiento-1-scaled.jpg\" class=\"attachment-full size-full wp-image-284\" alt=\"\" srcset=\"https:\/\/raiconsgroup.mx\/wp-content\/uploads\/2023\/07\/izaje-desmantelamiento-1-scaled.jpg 2560w, https:\/\/raiconsgroup.mx\/wp-content\/uploads\/2023\/07\/izaje-desmantelamiento-1-300x225.jpg 300w, https:\/\/raiconsgroup.mx\/wp-content\/uploads\/2023\/07\/izaje-desmantelamiento-1-1024x768.jpg 1024w, https:\/\/raiconsgroup.mx\/wp-content\/uploads\/2023\/07\/izaje-desmantelamiento-1-768x576.jpg 768w, https:\/\/raiconsgroup.mx\/wp-content\/uploads\/2023\/07\/izaje-desmantelamiento-1-1536x1152.jpg 1536w, https:\/\/raiconsgroup.mx\/wp-content\/uploads\/2023\/07\/izaje-desmantelamiento-1-2048x1536.jpg 2048w\" sizes=\"(max-width: 2560px) 100vw, 2560px\" \/>\t\t\t\t\t\t\t\t\t\t\t\t\t\t\t<\/div>\n\t\t\t\t<\/div>\n\t\t\t\t\t<\/div>\n\t\t<\/div>\n\t\t\t\t<div class=\"elementor-column elementor-col-50 elementor-top-column elementor-element elementor-element-7a61e1a\" data-id=\"7a61e1a\" data-element_type=\"column\">\n\t\t\t<div class=\"elementor-widget-wrap elementor-element-populated\">\n\t\t\t\t\t\t\t\t<div class=\"elementor-element elementor-element-663198f elementor-widget elementor-widget-text-editor\" data-id=\"663198f\" data-element_type=\"widget\" data-widget_type=\"text-editor.default\">\n\t\t\t\t<div class=\"elementor-widget-container\">\n\t\t\t\t\t\t\t<p>\u00a1Descubre que en Servicios Industriales Raicons es l\u00edder en estructura, suministro y fabricaci\u00f3n, sandblast, montaje y pintura industrial! Nos especializamos en brindar soluciones integrales para tus proyectos industriales, garantizando calidad, eficiencia y satisfacci\u00f3n del cliente. si est\u00e1s buscando una empresa confiable y experimentada en estructura, suministro y fabricaci\u00f3n, sandblast, montaje y pintura industrial, \u00a1somos la elecci\u00f3n perfecta! Haz clic en nuestro bot\u00f3n de \u00abClick Aqui\u00bb para obtener m\u00e1s informaci\u00f3n sobre nuestros servicios, proyectos anteriores y c\u00f3mo podemos ayudarte a alcanzar tus objetivos industriales con excelencia y profesionalismo.<\/p>\t\t\t\t\t\t<\/div>\n\t\t\t\t<\/div>\n\t\t\t\t<div class=\"elementor-element elementor-element-41db8ab elementor-align-center elementor-widget elementor-widget-button\" data-id=\"41db8ab\" data-element_type=\"widget\" data-widget_type=\"button.default\">\n\t\t\t\t<div class=\"elementor-widget-container\">\n\t\t\t\t\t<div class=\"elementor-button-wrapper\">\n\t\t\t<a class=\"elementor-button elementor-button-link elementor-size-sm\" href=\"https:\/\/raiconsgroup.mx\/?page_id=313&#038;preview=true\">\n\t\t\t\t\t\t<span class=\"elementor-button-content-wrapper\">\n\t\t\t\t\t\t<span class=\"elementor-button-text\">Click Aqui<\/span>\n\t\t<\/span>\n\t\t\t\t\t<\/a>\n\t\t<\/div>\n\t\t\t\t<\/div>\n\t\t\t\t<\/div>\n\t\t\t\t\t<\/div>\n\t\t<\/div>\n\t\t\t\t\t\t\t<\/div>\n\t\t<\/section>\n\t\t\t\t<section class=\"elementor-section elementor-top-section elementor-element elementor-element-b98710c elementor-section-boxed elementor-section-height-default elementor-section-height-default\" data-id=\"b98710c\" data-element_type=\"section\">\n\t\t\t\t\t\t<div class=\"elementor-container elementor-column-gap-default\">\n\t\t\t\t\t<div class=\"elementor-column elementor-col-100 elementor-top-column elementor-element elementor-element-c684ba1\" data-id=\"c684ba1\" data-element_type=\"column\">\n\t\t\t<div class=\"elementor-widget-wrap elementor-element-populated\">\n\t\t\t\t\t\t\t\t<div class=\"elementor-element elementor-element-c2959aa elementor-widget elementor-widget-heading\" data-id=\"c2959aa\" data-element_type=\"widget\" data-widget_type=\"heading.default\">\n\t\t\t\t<div class=\"elementor-widget-container\">\n\t\t\t<h4 class=\"elementor-heading-title elementor-size-default\">Refractario<\/h4>\t\t<\/div>\n\t\t\t\t<\/div>\n\t\t\t\t\t<\/div>\n\t\t<\/div>\n\t\t\t\t\t\t\t<\/div>\n\t\t<\/section>\n\t\t\t\t<section class=\"elementor-section elementor-top-section elementor-element elementor-element-a0b71d4 elementor-section-content-middle elementor-section-boxed elementor-section-height-default elementor-section-height-default\" data-id=\"a0b71d4\" data-element_type=\"section\">\n\t\t\t\t\t\t<div class=\"elementor-container elementor-column-gap-narrow\">\n\t\t\t\t\t<div class=\"elementor-column elementor-col-50 elementor-top-column elementor-element elementor-element-8cfff5d\" data-id=\"8cfff5d\" data-element_type=\"column\">\n\t\t\t<div class=\"elementor-widget-wrap elementor-element-populated\">\n\t\t\t\t\t\t\t\t<div class=\"elementor-element elementor-element-741bf8b elementor-widget elementor-widget-image\" data-id=\"741bf8b\" data-element_type=\"widget\" data-widget_type=\"image.default\">\n\t\t\t\t<div class=\"elementor-widget-container\">\n\t\t\t\t\t\t\t\t\t\t\t\t\t\t\t<img loading=\"lazy\" decoding=\"async\" width=\"1599\" height=\"899\" src=\"https:\/\/raiconsgroup.mx\/wp-content\/uploads\/2023\/07\/IMG-20151122-WA0002.jpg\" class=\"attachment-full size-full wp-image-285\" alt=\"\" srcset=\"https:\/\/raiconsgroup.mx\/wp-content\/uploads\/2023\/07\/IMG-20151122-WA0002.jpg 1599w, https:\/\/raiconsgroup.mx\/wp-content\/uploads\/2023\/07\/IMG-20151122-WA0002-300x169.jpg 300w, https:\/\/raiconsgroup.mx\/wp-content\/uploads\/2023\/07\/IMG-20151122-WA0002-1024x576.jpg 1024w, https:\/\/raiconsgroup.mx\/wp-content\/uploads\/2023\/07\/IMG-20151122-WA0002-768x432.jpg 768w, https:\/\/raiconsgroup.mx\/wp-content\/uploads\/2023\/07\/IMG-20151122-WA0002-1536x864.jpg 1536w\" sizes=\"(max-width: 1599px) 100vw, 1599px\" \/>\t\t\t\t\t\t\t\t\t\t\t\t\t\t\t<\/div>\n\t\t\t\t<\/div>\n\t\t\t\t\t<\/div>\n\t\t<\/div>\n\t\t\t\t<div class=\"elementor-column elementor-col-50 elementor-top-column elementor-element elementor-element-a224f2b\" data-id=\"a224f2b\" data-element_type=\"column\">\n\t\t\t<div class=\"elementor-widget-wrap elementor-element-populated\">\n\t\t\t\t\t\t\t\t<div class=\"elementor-element elementor-element-e9b8f67 elementor-widget elementor-widget-text-editor\" data-id=\"e9b8f67\" data-element_type=\"widget\" data-widget_type=\"text-editor.default\">\n\t\t\t\t<div class=\"elementor-widget-container\">\n\t\t\t\t\t\t\t<p>\u00a1Descubre nuestra empresa l\u00edder en refractarios! Nos especializamos en la demolici\u00f3n e instalaci\u00f3n de refractarios, lanzado de concreto y anclaje industrial para una amplia gama de aplicaciones industriales.<\/p><p>si est\u00e1s buscando una empresa confiable y experta en refractarios, demolici\u00f3n e instalaci\u00f3n de refractarios, lanzado de concreto y anclaje industrial, \u00a1somos tu mejor opci\u00f3n! Haz clic en nuestro bot\u00f3n de \u00abClick Aqui\u00bb para obtener m\u00e1s informaci\u00f3n sobre nuestros servicios, proyectos anteriores y c\u00f3mo podemos ayudarte a alcanzar la m\u00e1xima eficiencia y rendimiento en tus instalaciones industriales.<\/p>\t\t\t\t\t\t<\/div>\n\t\t\t\t<\/div>\n\t\t\t\t<div class=\"elementor-element elementor-element-101124b elementor-align-center elementor-widget elementor-widget-button\" data-id=\"101124b\" data-element_type=\"widget\" data-widget_type=\"button.default\">\n\t\t\t\t<div class=\"elementor-widget-container\">\n\t\t\t\t\t<div class=\"elementor-button-wrapper\">\n\t\t\t<a class=\"elementor-button elementor-button-link elementor-size-sm\" href=\"https:\/\/raiconsgroup.mx\/?page_id=306\">\n\t\t\t\t\t\t<span class=\"elementor-button-content-wrapper\">\n\t\t\t\t\t\t<span class=\"elementor-button-text\">Click Aqui<\/span>\n\t\t<\/span>\n\t\t\t\t\t<\/a>\n\t\t<\/div>\n\t\t\t\t<\/div>\n\t\t\t\t<\/div>\n\t\t\t\t\t<\/div>\n\t\t<\/div>\n\t\t\t\t\t\t\t<\/div>\n\t\t<\/section>\n\t\t\t\t\t\t\t<\/div>\n\t\t","protected":false},"excerpt":{"rendered":"<p>Aislamiento de Tuberia \u00bfEst\u00e1s buscando un aislamiento de tuber\u00edas industrial de calidad para optimizar tu empresa? \u00a1No busques m\u00e1s! En Servicios Indistriales Raicons, somos l\u00edderes en soluciones de aislamiento de tuber\u00edas industriales que te brindar\u00e1n numerosos beneficios. Nuestro servicio de aislamiento de tuber\u00edas industriales est\u00e1 dise\u00f1ado para mejorar la eficiencia energ\u00e9tica de tus instalaciones y [&hellip;]<\/p>\n","protected":false},"author":1,"featured_media":0,"parent":0,"menu_order":0,"comment_status":"closed","ping_status":"closed","template":"","meta":{"_joinchat":[],"footnotes":""},"_links":{"self":[{"href":"https:\/\/raiconsgroup.mx\/index.php?rest_route=\/wp\/v2\/pages\/45"}],"collection":[{"href":"https:\/\/raiconsgroup.mx\/index.php?rest_route=\/wp\/v2\/pages"}],"about":[{"href":"https:\/\/raiconsgroup.mx\/index.php?rest_route=\/wp\/v2\/types\/page"}],"author":[{"embeddable":true,"href":"https:\/\/raiconsgroup.mx\/index.php?rest_route=\/wp\/v2\/users\/1"}],"replies":[{"embeddable":true,"href":"https:\/\/raiconsgroup.mx\/index.php?rest_route=%2Fwp%2Fv2%2Fcomments&post=45"}],"version-history":[{"count":56,"href":"https:\/\/raiconsgroup.mx\/index.php?rest_route=\/wp\/v2\/pages\/45\/revisions"}],"predecessor-version":[{"id":322,"href":"https:\/\/raiconsgroup.mx\/index.php?rest_route=\/wp\/v2\/pages\/45\/revisions\/322"}],"wp:attachment":[{"href":"https:\/\/raiconsgroup.mx\/index.php?rest_route=%2Fwp%2Fv2%2Fmedia&parent=45"}],"curies":[{"name":"wp","href":"https:\/\/api.w.org\/{rel}","templated":true}]}}